{"id":85,"date":"2014-05-15T15:57:34","date_gmt":"2014-05-15T13:57:34","guid":{"rendered":"http:\/\/slowakei-leipzig.de\/?page_id=85"},"modified":"2023-01-31T13:08:49","modified_gmt":"2023-01-31T11:08:49","slug":"links","status":"publish","type":"page","link":"https:\/\/slowakei-leipzig.de\/?page_id=85","title":{"rendered":"Links"},"content":{"rendered":"<p>Im Folgenden haben wir f\u00fcr Sie einige Links zusammengetragen, die Ihnen weiterf\u00fchrende Informationen zu unterschiedlichen Themen bieten.<\/p>\n<p>Sie finden Links in nachstehenden Katergorien:<\/p>\n<p><a title=\"Vertretungen der Slowakischen Republik\" href=\"http:\/\/slowakei-leipzig.de\/?page_id=95\"><span style=\"color: #3366ff;\">Vertretungen der Slowakischen Republik in Deutschland<\/span><\/a> (Botschaft, Generalkonsulat, Honorarkonsulate)<\/p>\n<p><a title=\"Institutionen\" href=\"http:\/\/slowakei-leipzig.de\/?page_id=89\">In<span style=\"color: #3366ff;\">stitutionen<\/span><\/a> zu verschiedenen Themen (Gesellschaft, Politik, Wirtschaft, Wissenschaft und Bildung, Kulturvereine, Medien, &#8230;)<\/p>\n<p><span style=\"color: #3366ff;\"><a style=\"color: #3366ff;\" title=\"Tourismus\" href=\"http:\/\/slowakei-leipzig.de\/?page_id=92\">Landeskunde und Tourismus<\/a><\/span> (Informationsportale zur Slowakei, Tourismuszentrale, ausgew\u00e4hlte Gebiete und Institutionen, Karten, Videos, etc.)<\/p>\n<p><a title=\"Praktisches\" href=\"http:\/\/slowakei-leipzig.de\/?page_id=580\">P<span style=\"color: #3366ff;\">raktisches u.a. f\u00fcr den Aufenthalt in Deutschland<\/span><\/a> (W\u00f6rterb\u00fccher und Sprachportale Beh\u00f6rden und \u00c4mter, Datenbanken, Feiertage, Tastaturbelegung, etc.)<\/p>\n","protected":false},"excerpt":{"rendered":"<p>Im Folgenden haben wir f\u00fcr Sie einige Links zusammengetragen, die Ihnen weiterf\u00fchrende Informationen zu unterschiedlichen Themen bieten. Sie finden Links in nachstehenden Katergorien: Vertretungen der Slowakischen Republik in Deutschland (Botschaft, Generalkonsulat, Honorarkonsulate) Institutionen zu verschiedenen Themen (Gesellschaft, Politik, Wirtschaft, Wissenschaft und Bildung, Kulturvereine, Medien, &#8230;) Landeskunde und Tourismus (Informationsportale zur Slowakei, Tourismuszentrale, ausgew\u00e4hlte Gebiete und [&hellip;]<\/p>\n","protected":false},"author":1,"featured_media":0,"parent":0,"menu_order":5,"comment_status":"closed","ping_status":"closed","template":"","meta":{"footnotes":""},"class_list":["post-85","page","type-page","status-publish","hentry"],"_links":{"self":[{"href":"https:\/\/slowakei-leipzig.de\/index.php?rest_route=\/wp\/v2\/pages\/85","targetHints":{"allow":["GET"]}}],"collection":[{"href":"https:\/\/slowakei-leipzig.de\/index.php?rest_route=\/wp\/v2\/pages"}],"about":[{"href":"https:\/\/slowakei-leipzig.de\/index.php?rest_route=\/wp\/v2\/types\/page"}],"author":[{"embeddable":true,"href":"https:\/\/slowakei-leipzig.de\/index.php?rest_route=\/wp\/v2\/users\/1"}],"replies":[{"embeddable":true,"href":"https:\/\/slowakei-leipzig.de\/index.php?rest_route=%2Fwp%2Fv2%2Fcomments&post=85"}],"version-history":[{"count":10,"href":"https:\/\/slowakei-leipzig.de\/index.php?rest_route=\/wp\/v2\/pages\/85\/revisions"}],"predecessor-version":[{"id":2442,"href":"https:\/\/slowakei-leipzig.de\/index.php?rest_route=\/wp\/v2\/pages\/85\/revisions\/2442"}],"wp:attachment":[{"href":"https:\/\/slowakei-leipzig.de\/index.php?rest_route=%2Fwp%2Fv2%2Fmedia&parent=85"}],"curies":[{"name":"wp","href":"https:\/\/api.w.org\/{rel}","templated":true}]}}