{"id":82,"date":"2014-05-15T15:57:22","date_gmt":"2014-05-15T13:57:22","guid":{"rendered":"http:\/\/slowakei-leipzig.de\/?page_id=82"},"modified":"2026-04-02T17:02:27","modified_gmt":"2026-04-02T15:02:27","slug":"kontakt","status":"publish","type":"page","link":"https:\/\/slowakei-leipzig.de\/?page_id=82","title":{"rendered":"Kontakt"},"content":{"rendered":"<p><strong>Dr. Albrecht Tintelnot<br \/>\nHonorarkonsul der Slowakischen Republik f\u00fcr die Freistaaten Sachsen und Th\u00fcringen<\/strong><\/p>\n<p>c\/o GRUENDELPARTNER <span class=\"sm-book\">Rechtsanw\u00e4lte<\/span> <span class=\"sm-book\">Steuerberater<\/span> <span class=\"sm-book\">Wirtschaftspr\u00fcfer PartGmbB<\/span><br \/>\nM\u00e4dler-Passage, Aufgang B<br \/>\nGrimmaische Str. 2-4<br \/>\n04109 Leipzig, Deutschland<\/p>\n<p><strong>\u00d6ffnungszeiten\/Telefonzeiten: <\/strong>Montag ca. 09:00 Uhr \u2013 12:00 Uhr und Mittwoch ca. 14:00 Uhr \u2013 17:00 Uhr<strong>\u00a0<\/strong><\/p>\n<p>Wir bitten um vorherige Anmeldung.<\/p>\n<p><strong>Ansprechpartner: <\/strong>Herr Jan Wachter<strong><br \/>\n<\/strong><br \/>\n<strong>Telefon: \u00a0 \u00a0 \u00a0 \u00a0 \u00a0 \u00a0 \u00a0 \u00a0 \u00a0 \u00a0 \u00a0 \u00a0 \u00a0 \u00a0 \u00a0 \u00a0 \u00a0 \u00a0 <\/strong> +49 (0)341 231062-54 (Konsulat)<\/p>\n<p><strong>E-Mail: \u00a0 \u00a0 \u00a0 \u00a0 \u00a0 \u00a0 \u00a0 \u00a0 \u00a0 \u00a0 \u00a0 \u00a0 \u00a0 \u00a0 \u00a0 \u00a0 \u00a0 \u00a0\u00a0 \u00a0 <\/strong><a href=\"mailto:honorarkonsul@slowakei-leipzig.de\">honorarkonsul( at )slowakei-leipzig.de<\/a><br \/>\n<strong>Homepage:\u00a0\u00a0\u00a0\u00a0\u00a0\u00a0\u00a0\u00a0\u00a0\u00a0\u00a0\u00a0\u00a0\u00a0\u00a0\u00a0\u00a0\u00a0\u00a0\u00a0\u00a0\u00a0\u00a0\u00a0\u00a0\u00a0\u00a0\u00a0\u00a0\u00a0 \u00a0 <\/strong><a href=\"http:\/\/www.slowakei-leipzig.de\">www.slowakei-leipzig.de<\/a><br \/>\n<strong>Facebook: \u00a0 \u00a0 \u00a0 \u00a0 \u00a0 \u00a0 \u00a0 \u00a0 \u00a0 \u00a0 \u00a0 \u00a0 \u00a0 \u00a0 \u00a0 \u00a0 \u00a0 <\/strong><a href=\"http:\/\/www.facebook.com\/slowakei.leipzig\" target=\"_blank\" rel=\"noopener noreferrer\">www.facebook.com\/slowakei.leipzig<\/a><\/p>\n","protected":false},"excerpt":{"rendered":"<p>Dr. Albrecht Tintelnot Honorarkonsul der Slowakischen Republik f\u00fcr die Freistaaten Sachsen und Th\u00fcringen c\/o GRUENDELPARTNER Rechtsanw\u00e4lte Steuerberater Wirtschaftspr\u00fcfer PartGmbB M\u00e4dler-Passage, Aufgang B Grimmaische Str. 2-4 04109 Leipzig, Deutschland \u00d6ffnungszeiten\/Telefonzeiten: Montag ca. 09:00 Uhr \u2013 12:00 Uhr und Mittwoch ca. 14:00 Uhr \u2013 17:00 Uhr\u00a0 Wir bitten um vorherige Anmeldung. Ansprechpartner: Herr Jan Wachter Telefon: \u00a0 [&hellip;]<\/p>\n","protected":false},"author":1,"featured_media":0,"parent":0,"menu_order":4,"comment_status":"closed","ping_status":"closed","template":"","meta":{"footnotes":""},"class_list":["post-82","page","type-page","status-publish","hentry"],"_links":{"self":[{"href":"https:\/\/slowakei-leipzig.de\/index.php?rest_route=\/wp\/v2\/pages\/82","targetHints":{"allow":["GET"]}}],"collection":[{"href":"https:\/\/slowakei-leipzig.de\/index.php?rest_route=\/wp\/v2\/pages"}],"about":[{"href":"https:\/\/slowakei-leipzig.de\/index.php?rest_route=\/wp\/v2\/types\/page"}],"author":[{"embeddable":true,"href":"https:\/\/slowakei-leipzig.de\/index.php?rest_route=\/wp\/v2\/users\/1"}],"replies":[{"embeddable":true,"href":"https:\/\/slowakei-leipzig.de\/index.php?rest_route=%2Fwp%2Fv2%2Fcomments&post=82"}],"version-history":[{"count":74,"href":"https:\/\/slowakei-leipzig.de\/index.php?rest_route=\/wp\/v2\/pages\/82\/revisions"}],"predecessor-version":[{"id":3067,"href":"https:\/\/slowakei-leipzig.de\/index.php?rest_route=\/wp\/v2\/pages\/82\/revisions\/3067"}],"wp:attachment":[{"href":"https:\/\/slowakei-leipzig.de\/index.php?rest_route=%2Fwp%2Fv2%2Fmedia&parent=82"}],"curies":[{"name":"wp","href":"https:\/\/api.w.org\/{rel}","templated":true}]}}