{"id":48,"date":"2014-05-15T15:50:42","date_gmt":"2014-05-15T13:50:42","guid":{"rendered":"http:\/\/slowakei-leipzig.de\/?page_id=48"},"modified":"2022-07-07T12:55:12","modified_gmt":"2022-07-07T10:55:12","slug":"der-honorarkonsul","status":"publish","type":"page","link":"http:\/\/slowakei-leipzig.de\/?page_id=48","title":{"rendered":"Der Honorarkonsul"},"content":{"rendered":"<h5><img loading=\"lazy\" decoding=\"async\" class=\"alignright wp-image-1766 size-medium\" src=\"http:\/\/slowakei-leipzig.de\/wp-content\/uploads\/2019\/09\/Passbild-01-klein_bearbeitet-233x300.jpg\" alt=\"\" width=\"233\" height=\"300\" srcset=\"http:\/\/slowakei-leipzig.de\/wp-content\/uploads\/2019\/09\/Passbild-01-klein_bearbeitet-233x300.jpg 233w, http:\/\/slowakei-leipzig.de\/wp-content\/uploads\/2019\/09\/Passbild-01-klein_bearbeitet.jpg 413w\" sizes=\"auto, (max-width: 233px) 100vw, 233px\" \/><\/h5>\n<div class=\"csc-header csc-header-n1\">\n<h2 class=\"csc-firstHeader\">Dr. Albrecht Tintelnot<\/h2>\n<\/div>\n<h5><span style=\"color: #000000;\">Rechtsanwalt<\/span><br \/>\nund Honorarkonsul der Slowakischen Republik f\u00fcr die Freistaaten Sachsenund Th\u00fcringen in Leipzig (seit 2013)<\/h5>\n<p class=\"bodytext\" style=\"text-align: justify;\">Dr. Albrecht Tintelnot studierte in G\u00f6ttingen, Kiel sowie Guildford (Surrey, GB) und absolvierte sein Referendariat in Heidelberg. Anschlie\u00dfend widmete er sich wissenschaftlichen T\u00e4tigkeiten, zun\u00e4chst an der Universit\u00e4t Heidelberg und sp\u00e4ter am Lehrstuhl von Prof. Dr. Dr. h. c. Wolfram Henckel an der Universit\u00e4t G\u00f6ttingen. Dort promovierte er \u00fcber ein insolvenzrechtliches Thema.<\/p>\n<p class=\"bodytext\" style=\"text-align: justify;\">1990 stieg er als Anwalt bei der K\u00f6lner Kanzlei \u201eDeringer Tessin Herrman &amp; Sedemund\u201c ein. Schon 1991 f\u00fchrte ihn sein berufliches Engagement von K\u00f6ln nach Leipzig. 1995 gr\u00fcndete er hier gemeinsam mit seinem Deringer-Kollegen Frank Vennemann die Kanzlei \u201eTintelnot &amp; Partner\u201c. Diese schloss sich 2001 mit den Anw\u00e4lten Mohns und Pruggmayer zusammen, wodurch die Kanzlei MOHNS TINTELNOT PRUGGMAYER VENNEMANN (MTPV) entstand. Ende 2015 wurde die Kanzlei aufgel\u00f6st und die Rechtsanw\u00e4lte gingen getrennter Wege. Seit Januar 2016 ist Dr. Tintelnot Partner der Soziet\u00e4t <span style=\"color: #4e84cf;\"><a style=\"color: #4e84cf; text-decoration: underline;\" href=\"http:\/\/www.gruendelpartner.de\/\" target=\"_blank\" rel=\"noopener noreferrer\">GRUENDELPARTNER Rechtsanw\u00e4lte Steuerberater Wirtschaftspr\u00fcfer PartGmbB<\/a><\/span> in Leipzig.<\/p>\n<p class=\"bodytext\" style=\"text-align: justify;\">Dr. Tintelnot ber\u00e4t private und \u00f6ffentliche Unternehmen sowie K\u00f6rperschaften in allen Fragen des Wirtschaftsrechts. Schwerpunkte seiner Beratung liegen im Gesellschafts- und Insolvenzrecht, in der Privatisierung \u00f6ffentlicher Aufgaben sowie in umweltrechtlichen und insbesondere wasserrechtlichen Problemen.<\/p>\n<p class=\"bodytext\" style=\"text-align: justify;\">Mit gro\u00dfem ehrenamtlichem Engagement war Dr. Tintelnot viele Jahre Vorstandsmitglied der Rechtsanwaltskammer Sachsen. Ab 1998 wirkte er als Richter am S\u00e4chsischen Anwaltsgerichtshof, wo er von 2001 bis 2006 dem 2. Senat vorsa\u00df.<\/p>\n<p style=\"text-align: justify;\">Dr. Tintelnot ist Autor zahlreicher wissenschaftlicher Ver\u00f6ffentlichungen. Au\u00dferdem ist er Mitglied des Deutschen Juristentags, der DAV-Arbeitsgemeinschaft Handels- und Gesellschaftsrecht, der Gesellschaftsrechtlichen Vereinigung, des Wirtschaftsclubs Leipzig, der Leipziger Vereinigung f\u00fcr Umwelt- und Planungsrecht sowie der Leipziger Juristischen Gesellschaft.<\/p>\n<p style=\"text-align: justify;\">Die offizielle Ernennnung zum Honorarkonsul der Slowakischen Republik erfolgte am 12. Juni 2013. Die feierliche Inauguration mit zahleichen G\u00e4sten fand am 13. Februar 2014 im Leipziger Neuen Rathaus statt.<\/p>\n<p><strong>Inteview<\/strong> von Kay Zeisberg f\u00fcr Radio Slowakei International &#8211; deutsche Redaktion vom 28. Juli 2016 <strong><a href=\"https:\/\/dersi.rtvs.sk\/clanky\/gesellschaft-politik\/112544\/interview-mit-dem-honorarkonsul-der-slowakei-in-sachsen-und-thuringen\" target=\"_blank\" rel=\"noopener noreferrer\">hier<\/a> <\/strong>zum Nachh\u00f6ren.<\/p>\n","protected":false},"excerpt":{"rendered":"<p>Dr. Albrecht Tintelnot Rechtsanwalt und Honorarkonsul der Slowakischen Republik f\u00fcr die Freistaaten Sachsenund Th\u00fcringen in Leipzig (seit 2013) Dr. Albrecht Tintelnot studierte in G\u00f6ttingen, Kiel sowie Guildford (Surrey, GB) und absolvierte sein Referendariat in Heidelberg. Anschlie\u00dfend widmete er sich wissenschaftlichen T\u00e4tigkeiten, zun\u00e4chst an der Universit\u00e4t Heidelberg und sp\u00e4ter am Lehrstuhl von Prof. Dr. Dr. h. [&hellip;]<\/p>\n","protected":false},"author":1,"featured_media":0,"parent":42,"menu_order":1,"comment_status":"closed","ping_status":"closed","template":"","meta":{"footnotes":""},"class_list":["post-48","page","type-page","status-publish","hentry"],"_links":{"self":[{"href":"http:\/\/slowakei-leipzig.de\/index.php?rest_route=\/wp\/v2\/pages\/48","targetHints":{"allow":["GET"]}}],"collection":[{"href":"http:\/\/slowakei-leipzig.de\/index.php?rest_route=\/wp\/v2\/pages"}],"about":[{"href":"http:\/\/slowakei-leipzig.de\/index.php?rest_route=\/wp\/v2\/types\/page"}],"author":[{"embeddable":true,"href":"http:\/\/slowakei-leipzig.de\/index.php?rest_route=\/wp\/v2\/users\/1"}],"replies":[{"embeddable":true,"href":"http:\/\/slowakei-leipzig.de\/index.php?rest_route=%2Fwp%2Fv2%2Fcomments&post=48"}],"version-history":[{"count":24,"href":"http:\/\/slowakei-leipzig.de\/index.php?rest_route=\/wp\/v2\/pages\/48\/revisions"}],"predecessor-version":[{"id":2320,"href":"http:\/\/slowakei-leipzig.de\/index.php?rest_route=\/wp\/v2\/pages\/48\/revisions\/2320"}],"up":[{"embeddable":true,"href":"http:\/\/slowakei-leipzig.de\/index.php?rest_route=\/wp\/v2\/pages\/42"}],"wp:attachment":[{"href":"http:\/\/slowakei-leipzig.de\/index.php?rest_route=%2Fwp%2Fv2%2Fmedia&parent=48"}],"curies":[{"name":"wp","href":"https:\/\/api.w.org\/{rel}","templated":true}]}}