{"id":1788,"date":"2019-12-10T03:22:59","date_gmt":"2019-12-10T01:22:59","guid":{"rendered":"http:\/\/slowakei-leipzig.de\/?page_id=1788"},"modified":"2019-12-10T03:58:29","modified_gmt":"2019-12-10T01:58:29","slug":"datenschutzerklaerung","status":"publish","type":"page","link":"http:\/\/slowakei-leipzig.de\/?page_id=1788","title":{"rendered":"Datenschutzerkl\u00e4rung"},"content":{"rendered":"<p>Wer wir sind<br \/>\nDie Adresse unserer Website ist: slowakei-leipzig.de<\/p>\n<p>Welche personenbezogenen Daten wir sammeln und warum wir sie sammeln<br \/>\nKontaktformulare &amp; Cookies<br \/>\nWenn du ein Kontaktformular auf dieser Seite nutzt, kann das eine Einwilligung sein, deinen Namen, E-Mail-Adresse und Website in Cookies zu speichern. Diese Cookies werden ein Jahr lang gespeichert.<\/p>\n<p>Wenn du dich anmeldest, werden wir einige Cookies einrichten, um deine Anmeldeinformationen und Anzeigeoptionen zu speichern. Anmelde-Cookies verfallen nach zwei Tagen und Cookies f\u00fcr die Anzeigeoptionen nach einem Jahr. Falls du bei der Anmeldung \u201eAngemeldet bleiben\u201c ausw\u00e4hlst, wird deine Anmeldung zwei Wochen lang aufrechterhalten. Mit der Abmeldung aus deinem Konto werden die Anmelde-Cookies gel\u00f6scht.<\/p>\n<p>Analysedienste<br \/>\nWie lange wir deine Daten speichern<br \/>\nWenn du das Kontaktformular nutzt, wird die Nachricht inklusive Metadaten zeitlich unbegrenzt gespeichert.<\/p>\n<p>Welche Rechte du an deinen Daten hast<br \/>\nWenn du Nachrichten an uns \u00fcbermittelt hast, kannst du einen Export deiner personenbezogenen Daten bei uns anfordern, inklusive aller Daten, die du uns mitgeteilt hast. Dar\u00fcber hinaus kannst du die L\u00f6schung aller personenbezogenen Daten, die wir von dir gespeichert haben, anfordern. Dies umfasst nicht die Daten, die wir aufgrund administrativer, rechtlicher oder sicherheitsrelevanter Notwendigkeiten aufbewahren m\u00fcssen.<\/p>\n<p>Kontakt-Informationen<br \/>\n\u2192 <a href=\"\/?page_id=39\">Link zum Impressum<\/a><\/p>\n<p>IONOS Webanalytics (Analysedienst)<br \/>\nIm folgenden wird die \u201e1&amp;1 IONOS SE\u201c als \u201eIONOS\u201c bezeichnet. Dieses Unternehmen ist der Webhoster.<\/p>\n<p>Mit welchen Technologien ermittelt IONOS die Daten?<br \/>\nDie Daten werden entweder durch einen Pixel oder durch ein Logfile ermittelt. Zum Schutz von personenbezogenen Daten verwendet WebAnalytics keine Cookies.<\/p>\n<p>Welche Daten speichert IONOS von meinen Websitenbesuchern?<br \/>\nIONOS speichert keine personenbezogenen Daten von Websitenbesuchern, damit keine R\u00fcckschl\u00fcsse auf die einzelnen Besucher gezogen werden k\u00f6nnen. Es werden folgende Daten erhoben:<\/p>\n<p>Referrer (zuvor besuchte Webseite)<br \/>\nAngeforderte Webseite oder Datei<br \/>\nBrowsertyp und Browserversion<br \/>\nVerwendetes Betriebssystem<br \/>\nVerwendeter Ger\u00e4tetyp<br \/>\nUhrzeit des Zugriffs<br \/>\nIP-Adresse in anonymisierter Form (wird nur zur Feststellung des Orts des Zugriffs verwendet)<br \/>\nZu welchem Zweck werden die Daten erhoben?<br \/>\nIn WebAnalytics werden Daten ausschlie\u00dflich zur statistischen Auswertung und zur technischen Optimierung des Webangebots erhoben.<\/p>\n<p>Werden Daten an Dritte weitergegeben?<br \/>\nEs werden keine Daten an Dritte weitergegeben.<\/p>\n<p>Stand: 10.12.2019<\/p>\n","protected":false},"excerpt":{"rendered":"<p>Wer wir sind Die Adresse unserer Website ist: slowakei-leipzig.de Welche personenbezogenen Daten wir sammeln und warum wir sie sammeln Kontaktformulare &amp; Cookies Wenn du ein Kontaktformular auf dieser Seite nutzt, kann das eine Einwilligung sein, deinen Namen, E-Mail-Adresse und Website in Cookies zu speichern. Diese Cookies werden ein Jahr lang gespeichert. Wenn du dich anmeldest, [&hellip;]<\/p>\n","protected":false},"author":1,"featured_media":0,"parent":0,"menu_order":0,"comment_status":"closed","ping_status":"closed","template":"","meta":{"footnotes":""},"class_list":["post-1788","page","type-page","status-publish","hentry"],"_links":{"self":[{"href":"http:\/\/slowakei-leipzig.de\/index.php?rest_route=\/wp\/v2\/pages\/1788","targetHints":{"allow":["GET"]}}],"collection":[{"href":"http:\/\/slowakei-leipzig.de\/index.php?rest_route=\/wp\/v2\/pages"}],"about":[{"href":"http:\/\/slowakei-leipzig.de\/index.php?rest_route=\/wp\/v2\/types\/page"}],"author":[{"embeddable":true,"href":"http:\/\/slowakei-leipzig.de\/index.php?rest_route=\/wp\/v2\/users\/1"}],"replies":[{"embeddable":true,"href":"http:\/\/slowakei-leipzig.de\/index.php?rest_route=%2Fwp%2Fv2%2Fcomments&post=1788"}],"version-history":[{"count":3,"href":"http:\/\/slowakei-leipzig.de\/index.php?rest_route=\/wp\/v2\/pages\/1788\/revisions"}],"predecessor-version":[{"id":1962,"href":"http:\/\/slowakei-leipzig.de\/index.php?rest_route=\/wp\/v2\/pages\/1788\/revisions\/1962"}],"wp:attachment":[{"href":"http:\/\/slowakei-leipzig.de\/index.php?rest_route=%2Fwp%2Fv2%2Fmedia&parent=1788"}],"curies":[{"name":"wp","href":"https:\/\/api.w.org\/{rel}","templated":true}]}}