{"id":1106,"date":"2016-04-12T11:51:25","date_gmt":"2016-04-12T09:51:25","guid":{"rendered":"http:\/\/slowakei-leipzig.de\/?page_id=1106"},"modified":"2016-04-12T11:52:08","modified_gmt":"2016-04-12T09:52:08","slug":"veranstaltungen-2014","status":"publish","type":"page","link":"http:\/\/slowakei-leipzig.de\/?page_id=1106","title":{"rendered":"Veranstaltungen 2014"},"content":{"rendered":"<h5><\/h5>\n<h5><img loading=\"lazy\" decoding=\"async\" class=\"wp-image-529 alignright\" src=\"http:\/\/slowakei-leipzig.de\/wp-content\/uploads\/2014\/05\/slowakische-institut-berlin-150x150.jpg\" alt=\"slowakische institut berlin\" width=\"69\" height=\"69\" srcset=\"http:\/\/slowakei-leipzig.de\/wp-content\/uploads\/2014\/05\/slowakische-institut-berlin-150x150.jpg 150w, http:\/\/slowakei-leipzig.de\/wp-content\/uploads\/2014\/05\/slowakische-institut-berlin-300x300.jpg 300w, http:\/\/slowakei-leipzig.de\/wp-content\/uploads\/2014\/05\/slowakische-institut-berlin-100x100.jpg 100w, http:\/\/slowakei-leipzig.de\/wp-content\/uploads\/2014\/05\/slowakische-institut-berlin.jpg 960w\" sizes=\"auto, (max-width: 69px) 100vw, 69px\" \/><\/h5>\n<h6>\u00a028.11.2014|21:00 Uhr|Konzert<\/h6>\n<h5><strong>ANDREJ \u0160EBAN BAND &#8211; Ethno-Jazz aus der Slowakei<\/strong><\/h5>\n<h5><a href=\"http:\/\/www.blues-train-festival.eu\" target=\"_blank\"><img loading=\"lazy\" decoding=\"async\" class=\"wp-image-526 alignright\" src=\"http:\/\/slowakei-leipzig.de\/wp-content\/uploads\/2014\/05\/LOGO_EBTF_2014-klein.jpg\" alt=\"LOGO_EBTF_2014-klein\" width=\"135\" height=\"50\" srcset=\"http:\/\/slowakei-leipzig.de\/wp-content\/uploads\/2014\/05\/LOGO_EBTF_2014-klein.jpg 850w, http:\/\/slowakei-leipzig.de\/wp-content\/uploads\/2014\/05\/LOGO_EBTF_2014-klein-300x111.jpg 300w\" sizes=\"auto, (max-width: 135px) 100vw, 135px\" \/><\/a><em>Im Rahmen des <\/em><em><a href=\"http:\/\/www.blues-train-festival.eu\" target=\"_blank\">Europe Blues Train Festival 2014<\/a>\u00a0<\/em><\/h5>\n<p><strong>Einlass<\/strong>: ab 20:00 Uhr &#8211; <strong>Beginn<\/strong>: 21:00 Uhr &#8211; <strong>Eintritt<\/strong>: 4,00 EUR<\/p>\n<p><strong>Ort:<\/strong> <a href=\"http:\/\/www.cafe-telegraph.de\" target=\"_blank\">TELEGRAPH<\/a>+++ cafe &amp; restaurantDittrichring 18-20, 04109 Leipzig <a href=\"http:\/\/www.cafe-telegraph.de\" target=\"_blank\"><img loading=\"lazy\" decoding=\"async\" class=\"wp-image-525 alignright\" src=\"http:\/\/slowakei-leipzig.de\/wp-content\/uploads\/2014\/05\/logo-telegraph.jpg\" alt=\"logo telegraph\" width=\"133\" height=\"31\" \/><\/a><\/p>\n<p style=\"text-align: justify;\">Mehrfach gekr\u00f6nt als bester Instrumentalist der Slowakei geh\u00f6rt Andrej \u0160eban zu den Legenden der slowakischen Jazz Musik. Sein origineller Sound und Spielwei\u00dfe machen Ihm zum einer der am meisten originellen Musiker in der Slowakei. Mit seiner Band spielt er eigene Kompositionen, die ein Mix aus Jazz, World Music, Blues und slowakischen traditionellen Melodien darstellen. Die Konzerte in Deutschland sind Teil der europ\u00e4ischen Tour in 4 L\u00e4ndern. Im November spielt die Band 15 Konzerte in der Slowakei, Tschechischen Republik, Deutschland und Niederlanden.<\/p>\n<p style=\"text-align: justify;\">In seinen Kompositionen verarbeitet \u0160eban h\u00e4ufig auch traditionelle slowakische Melodien, was dieses Konzert zu einer einmaligen Gelegenheit macht, Slowakischen Ethno-Jazz kennenzulernen. Klingt exotisch? Ist es auch!<\/p>\n<p><a href=\"http:\/\/slowakei-leipzig.de\/wp-content\/uploads\/2014\/05\/foto-3.jpg\"><img loading=\"lazy\" decoding=\"async\" class=\"size-thumbnail wp-image-524 alignleft\" src=\"http:\/\/slowakei-leipzig.de\/wp-content\/uploads\/2014\/05\/foto-3-150x150.jpg\" alt=\"foto 3\" width=\"150\" height=\"150\" srcset=\"http:\/\/slowakei-leipzig.de\/wp-content\/uploads\/2014\/05\/foto-3-150x150.jpg 150w, http:\/\/slowakei-leipzig.de\/wp-content\/uploads\/2014\/05\/foto-3-100x100.jpg 100w\" sizes=\"auto, (max-width: 150px) 100vw, 150px\" \/><\/a><a href=\"http:\/\/slowakei-leipzig.de\/wp-content\/uploads\/2014\/05\/foto-1.jpg\"><img loading=\"lazy\" decoding=\"async\" class=\"size-thumbnail wp-image-522 alignleft\" src=\"http:\/\/slowakei-leipzig.de\/wp-content\/uploads\/2014\/05\/foto-1-150x150.jpg\" alt=\"foto 1\" width=\"150\" height=\"150\" srcset=\"http:\/\/slowakei-leipzig.de\/wp-content\/uploads\/2014\/05\/foto-1-150x150.jpg 150w, http:\/\/slowakei-leipzig.de\/wp-content\/uploads\/2014\/05\/foto-1-100x100.jpg 100w\" sizes=\"auto, (max-width: 150px) 100vw, 150px\" \/><\/a><a href=\"http:\/\/slowakei-leipzig.de\/wp-content\/uploads\/2014\/05\/foto-2.jpg\"><img loading=\"lazy\" decoding=\"async\" class=\"size-thumbnail wp-image-523 alignleft\" src=\"http:\/\/slowakei-leipzig.de\/wp-content\/uploads\/2014\/05\/foto-2-150x150.jpg\" alt=\"foto 2\" width=\"150\" height=\"150\" srcset=\"http:\/\/slowakei-leipzig.de\/wp-content\/uploads\/2014\/05\/foto-2-150x150.jpg 150w, http:\/\/slowakei-leipzig.de\/wp-content\/uploads\/2014\/05\/foto-2-100x100.jpg 100w\" sizes=\"auto, (max-width: 150px) 100vw, 150px\" \/><\/a><\/p>\n<p>Mehr zur Band unter: <a href=\"http:\/\/www.andrejseban.com\">www.andrejseban.com<\/a><\/p>\n<p>Die Veranstaltung wird in Zusammenarbeit des Slowakischen Honorarkonsuls in Leipzig und des Slowakischen Institutes Berlin sowie mit freundlicher Unterst\u00fctzung des TELEGRAPH Leipzig organisiert.<\/p>\n<p><a href=\"http:\/\/www.mzv.sk\/siberlin\">www.mzv.sk\/siberlin<\/a> und <a href=\"http:\/\/www.facebook.com\/institut.berlin\">www.facebook.com\/institut.berlin<\/a><\/p>\n<hr \/>\n<h5><strong><a href=\"http:\/\/research.uni-leipzig.de\/gwzo\/\" target=\"_blank\"><img loading=\"lazy\" decoding=\"async\" class=\"alignright wp-image-674\" src=\"http:\/\/slowakei-leipzig.de\/wp-content\/uploads\/2014\/05\/logoGWZO.png\" alt=\"logoGWZO\" width=\"133\" height=\"54\" \/><\/a><\/strong><\/h5>\n<h6>12.11.2014|<a href=\"http:\/\/research.uni-leipzig.de\/gwzo\/images\/GWZO_images\/Vortraege\/14_NE_Bzoch.pdf\" target=\"_blank\">Buchpr\u00e4sentation<\/a><\/h6>\n<h5><strong>Psychoanalyse in der Slowakei. Eine Geschichte von Enthusiasmus und Widerstand<\/strong><\/h5>\n<h6><em>Im Rahmen der Vortragsreihe &#8222;Neuerscheinungen zur Geschichte und Kultur Ostmitteleuropas <\/em><em>\u2013 vorgestellt am GWZO \u2013&#8220;<\/em><\/h6>\n<p><strong>Ort:<\/strong> <a href=\"http:\/\/research.uni-leipzig.de\/gwzo\/\" target=\"_blank\">GWZO<\/a>, Specks Hof (Eingang A) Reichsstra\u00dfe 4-6, 4. Etage<br \/>\n<strong>Veranstalter:<\/strong> GWZO Leipzig mit Unterst\u00fctzung des Honorarkonsuls der Slowakischen Republik in Leipzig<img loading=\"lazy\" decoding=\"async\" class=\" size-full wp-image-727 alignright\" src=\"http:\/\/slowakei-leipzig.de\/wp-content\/uploads\/2014\/05\/psychoanalyse-in-der-slowakei.jpg\" alt=\"PSY Bzoch-2109 130403 COV.indd\" width=\"150\" height=\"213\" \/><\/p>\n<div class=\"text_exposed_show\">\n<p class=\"alignnone\"><strong>Begr\u00fc\u00dfung:<\/strong> Prof. Dr. Frank Hadler (Fachkoordinator Geschichte 19.\/20.\u00a0 Jh.\u00a0 am GWZO, Leipzig)<\/p>\n<p class=\"alignnone\"><strong> Moderation:<\/strong> Dr. Christine G\u00f6lz (Fachkoordinatorin f\u00fcr Literaturwissenschaft Ostmitteleuropas am GWZO, Leipzig)<strong><br \/>\n<\/strong><\/p>\n<p><strong>Gru\u00dfwort:<\/strong> Dr. Albrecht Tintelnot\u00a0 (Honorarkonsul der Slowakischen Republik f\u00fcr Sachsen und Th\u00fcringen)<\/p>\n<p><strong>Vorstellung der Publikation durch den Autor<\/strong><br \/>\nProf. Mag. Adam B\u017eoch, CSc. (Slowakische Akademie der Wiss., Bratislava)<br \/>\nPsychoanalyse in der Slowakei. Eine Geschichte von Enthusiasmus und Widerstand. Psychosozial-Verlag, Gie\u00dfen 2013<\/p>\n<p><em>Anschlie\u00dfend kleiner Empfang<\/em><\/p>\n<p><em>In Anwesenheit des Botschafters der Slowakischen Republik, Igor Slobodnik<\/em><\/p>\n<\/div>\n<div class=\"text_exposed_show\"><\/div>\n<hr \/>\n<h6>\u00a022.05. &#8211; 23.08.2014|Ausstellung<\/h6>\n<h5 class=\"fbPhotoAlbumTitle\"><strong>\u201eSlowakische Mythologien\u201c<\/strong><\/h5>\n<p style=\"text-align: justify;\"><span class=\"fbPhotoCaptionText\">K\u00fcnstler: Tom\u00e1\u0161 D\u017eado\u0148, Sv\u00e4topluk Mikyta, Martin Pia\u010dek Kuratorinnen: Lenka Kukurov\u00e1, PhD, Dr. Verena Tintelnot<\/span><\/p>\n<h5 style=\"text-align: justify;\"><strong><span style=\"color: #b58d26;\"><a style=\"color: #b58d26;\" title=\"Galerie Ausstellung \u201cSlowakische Mytholgien\u201d\" href=\"http:\/\/slowakei-leipzig.de\/?project=galerie-ausstellung-slowakische-mytholgien\">Zur Bildergalerie<\/a><\/span><\/strong><\/h5>\n<p style=\"text-align: justify;\">In den R\u00e4umlichkeiten (Nikolaistr. 10, Leipzig) der Rechtsanwaltssoziet\u00e4t Mohns, Tintelnot, Pruggmayer, Vennemann und des Honorarkonsuls der Slowakischen Republik f\u00fcr Sachsen und Th\u00fcringen, Dr. Albrecht Tintelnot, findet vom <strong>22.5. bis zum 23.8. 2014<\/strong> in Kooperation mit der Galerie f\u00fcr Zeitgen\u00f6ssische Kunst Leipzig die Ausstellung \u201eSlowakische Mythologien\u201c statt. Die Ausstellung ist Mo-Fr 10 &#8211; 18 Uhr und nach Vereinbarung ge\u00f6ffnet.<\/p>\n<p style=\"text-align: justify;\"><span class=\"fbPhotoCaptionText\">Am 22.5.2014 fand um 18 Uhr in der Galerie f\u00fcr Zeitgen\u00f6ssische Kunst Leipzig (Karl-Tauchnitz-Stra\u00dfe 9-11) dazu ein \u00f6ffentliches Gespr\u00e4ch mit den K\u00fcnstlern statt. <\/span><\/p>\n<p style=\"text-align: justify;\">weitere Informationen unter: <a href=\"http:\/\/www.gfzk-leipzig.de\/?p=21471\">www.gfzk-leipzig.de<\/a><\/p>\n<p><a href=\"http:\/\/slowakei-leipzig.de\/wp-content\/uploads\/2014\/05\/Mythologien.jpg\"><img loading=\"lazy\" decoding=\"async\" class=\"alignleft wp-image-299 \" src=\"http:\/\/slowakei-leipzig.de\/wp-content\/uploads\/2014\/05\/Mythologien.jpg\" alt=\"Mythologien\" width=\"565\" height=\"289\" srcset=\"http:\/\/slowakei-leipzig.de\/wp-content\/uploads\/2014\/05\/Mythologien.jpg 815w, http:\/\/slowakei-leipzig.de\/wp-content\/uploads\/2014\/05\/Mythologien-300x153.jpg 300w\" sizes=\"auto, (max-width: 565px) 100vw, 565px\" \/><\/a><\/p>\n","protected":false},"excerpt":{"rendered":"<p>\u00a028.11.2014|21:00 Uhr|Konzert ANDREJ \u0160EBAN BAND &#8211; Ethno-Jazz aus der Slowakei Im Rahmen des Europe Blues Train Festival 2014\u00a0 Einlass: ab 20:00 Uhr &#8211; Beginn: 21:00 Uhr &#8211; Eintritt: 4,00 EUR Ort: TELEGRAPH+++ cafe &amp; restaurantDittrichring 18-20, 04109 Leipzig Mehrfach gekr\u00f6nt als bester Instrumentalist der Slowakei geh\u00f6rt Andrej \u0160eban zu den Legenden der slowakischen Jazz Musik. [&hellip;]<\/p>\n","protected":false},"author":3,"featured_media":0,"parent":79,"menu_order":0,"comment_status":"closed","ping_status":"closed","template":"","meta":{"footnotes":""},"class_list":["post-1106","page","type-page","status-publish","hentry"],"_links":{"self":[{"href":"http:\/\/slowakei-leipzig.de\/index.php?rest_route=\/wp\/v2\/pages\/1106","targetHints":{"allow":["GET"]}}],"collection":[{"href":"http:\/\/slowakei-leipzig.de\/index.php?rest_route=\/wp\/v2\/pages"}],"about":[{"href":"http:\/\/slowakei-leipzig.de\/index.php?rest_route=\/wp\/v2\/types\/page"}],"author":[{"embeddable":true,"href":"http:\/\/slowakei-leipzig.de\/index.php?rest_route=\/wp\/v2\/users\/3"}],"replies":[{"embeddable":true,"href":"http:\/\/slowakei-leipzig.de\/index.php?rest_route=%2Fwp%2Fv2%2Fcomments&post=1106"}],"version-history":[{"count":1,"href":"http:\/\/slowakei-leipzig.de\/index.php?rest_route=\/wp\/v2\/pages\/1106\/revisions"}],"predecessor-version":[{"id":1107,"href":"http:\/\/slowakei-leipzig.de\/index.php?rest_route=\/wp\/v2\/pages\/1106\/revisions\/1107"}],"up":[{"embeddable":true,"href":"http:\/\/slowakei-leipzig.de\/index.php?rest_route=\/wp\/v2\/pages\/79"}],"wp:attachment":[{"href":"http:\/\/slowakei-leipzig.de\/index.php?rest_route=%2Fwp%2Fv2%2Fmedia&parent=1106"}],"curies":[{"name":"wp","href":"https:\/\/api.w.org\/{rel}","templated":true}]}}

<h5></h5>
<h5><img loading="lazy" decoding="async" class="wp-image-529 alignright" src="http://slowakei-leipzig.de/wp-content/uploads/2014/05/slowakische-institut-berlin-150x150.jpg" alt="slowakische institut berlin" width="69" height="69" srcset="http://slowakei-leipzig.de/wp-content/uploads/2014/05/slowakische-institut-berlin-150x150.jpg 150w, http://slowakei-leipzig.de/wp-content/uploads/2014/05/slowakische-institut-berlin-300x300.jpg 300w, http://slowakei-leipzig.de/wp-content/uploads/2014/05/slowakische-institut-berlin-100x100.jpg 100w, http://slowakei-leipzig.de/wp-content/uploads/2014/05/slowakische-institut-berlin.jpg 960w" sizes="auto, (max-width: 69px) 100vw, 69px" /></h5>
<h6> 28.11.2014|21:00 Uhr|Konzert</h6>
<h5><strong>ANDREJ ŠEBAN BAND &#8211; Ethno-Jazz aus der Slowakei</strong></h5>
<h5><a href="http://www.blues-train-festival.eu" target="_blank"><img loading="lazy" decoding="async" class="wp-image-526 alignright" src="http://slowakei-leipzig.de/wp-content/uploads/2014/05/LOGO_EBTF_2014-klein.jpg" alt="LOGO_EBTF_2014-klein" width="135" height="50" srcset="http://slowakei-leipzig.de/wp-content/uploads/2014/05/LOGO_EBTF_2014-klein.jpg 850w, http://slowakei-leipzig.de/wp-content/uploads/2014/05/LOGO_EBTF_2014-klein-300x111.jpg 300w" sizes="auto, (max-width: 135px) 100vw, 135px" /></a><em>Im Rahmen des </em><em><a href="http://www.blues-train-festival.eu" target="_blank">Europe Blues Train Festival 2014</a> </em></h5>
<p><strong>Einlass</strong>: ab 20:00 Uhr &#8211; <strong>Beginn</strong>: 21:00 Uhr &#8211; <strong>Eintritt</strong>: 4,00 EUR</p>
<p><strong>Ort:</strong> <a href="http://www.cafe-telegraph.de" target="_blank">TELEGRAPH</a>+++ cafe &amp; restaurantDittrichring 18-20, 04109 Leipzig <a href="http://www.cafe-telegraph.de" target="_blank"><img loading="lazy" decoding="async" class="wp-image-525 alignright" src="http://slowakei-leipzig.de/wp-content/uploads/2014/05/logo-telegraph.jpg" alt="logo telegraph" width="133" height="31" /></a></p>
<p style="text-align: justify;">Mehrfach gekrönt als bester Instrumentalist der Slowakei gehört Andrej Šeban zu den Legenden der slowakischen Jazz Musik. Sein origineller Sound und Spielweiße machen Ihm zum einer der am meisten originellen Musiker in der Slowakei. Mit seiner Band spielt er eigene Kompositionen, die ein Mix aus Jazz, World Music, Blues und slowakischen traditionellen Melodien darstellen. Die Konzerte in Deutschland sind Teil der europäischen Tour in 4 Ländern. Im November spielt die Band 15 Konzerte in der Slowakei, Tschechischen Republik, Deutschland und Niederlanden.</p>
<p style="text-align: justify;">In seinen Kompositionen verarbeitet Šeban häufig auch traditionelle slowakische Melodien, was dieses Konzert zu einer einmaligen Gelegenheit macht, Slowakischen Ethno-Jazz kennenzulernen. Klingt exotisch? Ist es auch!</p>
<p><a href="http://slowakei-leipzig.de/wp-content/uploads/2014/05/foto-3.jpg"><img loading="lazy" decoding="async" class="size-thumbnail wp-image-524 alignleft" src="http://slowakei-leipzig.de/wp-content/uploads/2014/05/foto-3-150x150.jpg" alt="foto 3" width="150" height="150" srcset="http://slowakei-leipzig.de/wp-content/uploads/2014/05/foto-3-150x150.jpg 150w, http://slowakei-leipzig.de/wp-content/uploads/2014/05/foto-3-100x100.jpg 100w" sizes="auto, (max-width: 150px) 100vw, 150px" /></a><a href="http://slowakei-leipzig.de/wp-content/uploads/2014/05/foto-1.jpg"><img loading="lazy" decoding="async" class="size-thumbnail wp-image-522 alignleft" src="http://slowakei-leipzig.de/wp-content/uploads/2014/05/foto-1-150x150.jpg" alt="foto 1" width="150" height="150" srcset="http://slowakei-leipzig.de/wp-content/uploads/2014/05/foto-1-150x150.jpg 150w, http://slowakei-leipzig.de/wp-content/uploads/2014/05/foto-1-100x100.jpg 100w" sizes="auto, (max-width: 150px) 100vw, 150px" /></a><a href="http://slowakei-leipzig.de/wp-content/uploads/2014/05/foto-2.jpg"><img loading="lazy" decoding="async" class="size-thumbnail wp-image-523 alignleft" src="http://slowakei-leipzig.de/wp-content/uploads/2014/05/foto-2-150x150.jpg" alt="foto 2" width="150" height="150" srcset="http://slowakei-leipzig.de/wp-content/uploads/2014/05/foto-2-150x150.jpg 150w, http://slowakei-leipzig.de/wp-content/uploads/2014/05/foto-2-100x100.jpg 100w" sizes="auto, (max-width: 150px) 100vw, 150px" /></a></p>
<p>Mehr zur Band unter: <a href="http://www.andrejseban.com">www.andrejseban.com</a></p>
<p>Die Veranstaltung wird in Zusammenarbeit des Slowakischen Honorarkonsuls in Leipzig und des Slowakischen Institutes Berlin sowie mit freundlicher Unterstützung des TELEGRAPH Leipzig organisiert.</p>
<p><a href="http://www.mzv.sk/siberlin">www.mzv.sk/siberlin</a> und <a href="http://www.facebook.com/institut.berlin">www.facebook.com/institut.berlin</a></p>
<hr />
<h5><strong><a href="http://research.uni-leipzig.de/gwzo/" target="_blank"><img loading="lazy" decoding="async" class="alignright wp-image-674" src="http://slowakei-leipzig.de/wp-content/uploads/2014/05/logoGWZO.png" alt="logoGWZO" width="133" height="54" /></a></strong></h5>
<h6>12.11.2014|<a href="http://research.uni-leipzig.de/gwzo/images/GWZO_images/Vortraege/14_NE_Bzoch.pdf" target="_blank">Buchpräsentation</a></h6>
<h5><strong>Psychoanalyse in der Slowakei. Eine Geschichte von Enthusiasmus und Widerstand</strong></h5>
<h6><em>Im Rahmen der Vortragsreihe &#8222;Neuerscheinungen zur Geschichte und Kultur Ostmitteleuropas </em><em>– vorgestellt am GWZO –&#8220;</em></h6>
<p><strong>Ort:</strong> <a href="http://research.uni-leipzig.de/gwzo/" target="_blank">GWZO</a>, Specks Hof (Eingang A) Reichsstraße 4-6, 4. Etage<br />
<strong>Veranstalter:</strong> GWZO Leipzig mit Unterstützung des Honorarkonsuls der Slowakischen Republik in Leipzig<img loading="lazy" decoding="async" class=" size-full wp-image-727 alignright" src="http://slowakei-leipzig.de/wp-content/uploads/2014/05/psychoanalyse-in-der-slowakei.jpg" alt="PSY Bzoch-2109 130403 COV.indd" width="150" height="213" /></p>
<div class="text_exposed_show">
<p class="alignnone"><strong>Begrüßung:</strong> Prof. Dr. Frank Hadler (Fachkoordinator Geschichte 19./20.  Jh.  am GWZO, Leipzig)</p>
<p class="alignnone"><strong> Moderation:</strong> Dr. Christine Gölz (Fachkoordinatorin für Literaturwissenschaft Ostmitteleuropas am GWZO, Leipzig)<strong><br />
</strong></p>
<p><strong>Grußwort:</strong> Dr. Albrecht Tintelnot  (Honorarkonsul der Slowakischen Republik für Sachsen und Thüringen)</p>
<p><strong>Vorstellung der Publikation durch den Autor</strong><br />
Prof. Mag. Adam Bžoch, CSc. (Slowakische Akademie der Wiss., Bratislava)<br />
Psychoanalyse in der Slowakei. Eine Geschichte von Enthusiasmus und Widerstand. Psychosozial-Verlag, Gießen 2013</p>
<p><em>Anschließend kleiner Empfang</em></p>
<p><em>In Anwesenheit des Botschafters der Slowakischen Republik, Igor Slobodnik</em></p>
</div>
<div class="text_exposed_show"></div>
<hr />
<h6> 22.05. &#8211; 23.08.2014|Ausstellung</h6>
<h5 class="fbPhotoAlbumTitle"><strong>„Slowakische Mythologien“</strong></h5>
<p style="text-align: justify;"><span class="fbPhotoCaptionText">Künstler: Tomáš Džadoň, Svätopluk Mikyta, Martin Piaček Kuratorinnen: Lenka Kukurová, PhD, Dr. Verena Tintelnot</span></p>
<h5 style="text-align: justify;"><strong><span style="color: #b58d26;"><a style="color: #b58d26;" title="Galerie Ausstellung “Slowakische Mytholgien”" href="http://slowakei-leipzig.de/?project=galerie-ausstellung-slowakische-mytholgien">Zur Bildergalerie</a></span></strong></h5>
<p style="text-align: justify;">In den Räumlichkeiten (Nikolaistr. 10, Leipzig) der Rechtsanwaltssozietät Mohns, Tintelnot, Pruggmayer, Vennemann und des Honorarkonsuls der Slowakischen Republik für Sachsen und Thüringen, Dr. Albrecht Tintelnot, findet vom <strong>22.5. bis zum 23.8. 2014</strong> in Kooperation mit der Galerie für Zeitgenössische Kunst Leipzig die Ausstellung „Slowakische Mythologien“ statt. Die Ausstellung ist Mo-Fr 10 &#8211; 18 Uhr und nach Vereinbarung geöffnet.</p>
<p style="text-align: justify;"><span class="fbPhotoCaptionText">Am 22.5.2014 fand um 18 Uhr in der Galerie für Zeitgenössische Kunst Leipzig (Karl-Tauchnitz-Straße 9-11) dazu ein öffentliches Gespräch mit den Künstlern statt. </span></p>
<p style="text-align: justify;">weitere Informationen unter: <a href="http://www.gfzk-leipzig.de/?p=21471">www.gfzk-leipzig.de</a></p>
<p><a href="http://slowakei-leipzig.de/wp-content/uploads/2014/05/Mythologien.jpg"><img loading="lazy" decoding="async" class="alignleft wp-image-299 " src="http://slowakei-leipzig.de/wp-content/uploads/2014/05/Mythologien.jpg" alt="Mythologien" width="565" height="289" srcset="http://slowakei-leipzig.de/wp-content/uploads/2014/05/Mythologien.jpg 815w, http://slowakei-leipzig.de/wp-content/uploads/2014/05/Mythologien-300x153.jpg 300w" sizes="auto, (max-width: 565px) 100vw, 565px" /></a></p>

<p> 28.11.2014|21:00 Uhr|Konzert ANDREJ ŠEBAN BAND &#8211; Ethno-Jazz aus der Slowakei Im Rahmen des Europe Blues Train Festival 2014  Einlass: ab 20:00 Uhr &#8211; Beginn: 21:00 Uhr &#8211; Eintritt: 4,00 EUR Ort: TELEGRAPH+++ cafe &amp; restaurantDittrichring 18-20, 04109 Leipzig Mehrfach gekrönt als bester Instrumentalist der Slowakei gehört Andrej Šeban zu den Legenden der slowakischen Jazz Musik. [&hellip;]</p>
